e hundreds digit of 1515764722?
7
What is the thousands digit of 858214343?
4
What is the billions digit of 3863006721?
3
What is the ten thousands digit of 30412068?
1
What is the hundred millions digit of 4012990067?
0
What is the hundreds digit of 2330649146?
1
What is the tens digit of 1945237939?
3
What is the millions digit of 1280091082?
0
What is the thousands digit of 257385059?
5
What is the ten millions digit of 21240304?
2
What is the tens digit of 6193640?
4
What is the hundreds digit of 623271408?
4
What is the ten millions digit of 602675326?
0
What is the units digit of 789841199?
9
What is the units digit of 1093889431?
1
What is the hundreds digit of 2421803?
8
What is the tens digit of 5076332395?
9
What is the billions digit of 4850394534?
4
What is the ten millions digit of 93108923?
9
What is the hundred thousands digit of 43294656?
2
What is the hundred thousands digit of 226234565?
2
What is the billions digit of 8211846067?
8
What is the ten millions digit of 429438099?
2
What is the hundred millions digit of 6360335848?
3
What is the ten millions digit of 232747799?
3
What is the ten thousands digit of 35572464?
7
What is the ten thousands digit of 26057783?
5
What is the hundred thousands digit of 530913034?
9
What is the ten thousands digit of 681010775?
1
What is the hundreds digit of 116882414?
4
What is the ten thousands digit of 159996126?
9
What is the millions digit of 3413344162?
3
What is the ten millions digit of 210703828?
1
What is the tens digit of 23822239?
3
What is the tens digit of 2907669752?
5
What is the hundreds digit of 2185275113?
1
What is the millions digit of 7205411?
7
What is the millions digit of 233474742?
3
What is the units digit of 35366025?
5
What is the hundred millions digit of 387808046?
3
What is the hundred millions digit of 694411448?
6
What is the ten thousands digit of 7133088?
3
What is the tens digit of 3184915?
1
What is the hundred thousands digit of 1802883794?
8
What is the millions digit of 1148504169?
8
What is the hundred millions digit of 1877738888?
8
What is the hundred thousands digit of 312014110?
0
What is the thousands digit of 965644378?
4
What is the units digit of 942694373?
3
What is the hundred millions digit of 194839700?
1
What is the hundreds digit of 2133486506?
5
What is the hundred thousands digit of 6273525?
2
What is the hundred millions digit of 779119385?
7
What is the tens digit of 295081300?
0
What is the units digit of 106520409?
9
What is the units digit of 53958990?
0
What is the millions digit of 13530547?
3
What is the thousands digit of 9418438?
8
What is the units digit of 346233405?
5
What is the ten thousands digit of 47243338?
4
What is the hundred thousands digit of 153832979?
8
What is the millions digit of 341177414?
1
What is the thousands digit of 184747920?
7
What is the hundreds digit of 1173732235?
2
What is the thousands digit of 62724521?
4
What is the thousands digit of 1054824894?
4
What is the thousands digit of 828737664?
7
What is the hundred thousands digit of 29791884?
7
What is the hundreds digit of 194169067?
0
What is the billions digit of 1339516840?
1
What is the hundred millions digit of 558129198?
5
What is the hundred millions digit of 174737299?
1
What is the ten millions digit of 2546838748?
4
What is the thousands digit of 150732428?
2
What is the hundred thousands digit of 1035863537?
8
What is the hundred millions digit of 102095865?
1
What is the units digit of 26632590?
0
What is the thousands digit of 475361549?
1
What is the tens digit of 293209101?
0
What is the hundred thousands digit of 565769204?
7
What is the units digit of 860472888?
8
What is the hundred thousands digit of 259083418?
0
What is the billions digit of 2329554349?
2
What is the units digit of 422862990?
0
What is the tens digit of 2439381200?
0
What is the thousands digit of 189557830?
7
What is the hundred millions digit of 649806774?
6
What is the tens digit of 1400461055?
5
What is the hundred thousands digit of 176933988?
9
What is the units digit of 1543741944?
4
What is the thousands digit of 626641895?
1
What is the units digit of 30667258?
8
What is the ten thousands digit of 6530897?
3
What is the hundreds digit of 15420910?
9
What is the thousands digit of 190541013?
1
What is the hundred thousands digit of 3329983845?
9
What is the hundred thousands digit of 981800076?
8
What is the hundred millions digit of 1415815025?
4
What is the millions digit of 117160486?
7
What is the hundreds digit of 2193476?
4
What is the ten millions digit of 11560198?
1
What is the billions digit of 1398473595?
1
What is the ten thousands digit of 49056638?
5
What is the units digit of 47395064?
4
What is the hundred millions digit of 5013319218?
0
What is the units digit of 344301758?
8
What is the thousands digit of 1990929492?
9
What is the tens digit of 544201?
0
What is the hundreds digit of 6899148155?
1
What is the thousands digit of 129492178?
2
What is the hundreds digit of 36934455?
4
What is the millions digit of 262919038?
2
What is the hundred thousands digit of 881346894?
3
What is the ten thousands digit of 4103651193?
5
What is the ten thousands digit of 3347274399?
7
What is the thousands digit of 159728238?
8
What is the hundred thousands digit of 567116000?
1
What is the hundreds digit of 680008490?
4
What is the tens digit of 2587262690?
9
What is the ten millions digit of 214451492?
1
What is the hundred thousands digit of 22809849?
8
What is the hundred thousands digit of 325872416?
8
What is the units digit of 614799?
9
What is the hundreds digit of 3975053?
0
What is the hundred millions digit of 734586452?
7
What is the hundreds digit of 858023893?
8
What is the hundred thousands digit of 1382865002?
8
What is the ten millions digit of 489166315?
8
What is the hundreds digit of 4694843?
8
What is the hundreds digit of 2153324?
3
What is the thousands digit of 69221977?
1
What is the hundred thousands digit of 36464490?
4
What is the thousands digit of 453438277?
8
What is the hundreds digit of 238809415?
4
What is the ten millions digit of 91211706?
9
What is the ten thousands digit of 464409082?
0
What is the ten millions digit of 3088270200?
8
What is the tens digit of 196681736?
3
What is the ten thousands digit of 919688561?
8
What is the billions digit of 1809944117?
1
What is the hundreds digit of 202012440?
4
What is the tens digit of 171443368?
6
What is the millions digit of 31928958?
1
What is the ten thousands digit of 68035557?
3
What is the units digit of 65478921?
1
What is the thousands digit of 229974464?
4
What is the tens digit of 1318123802?
0
What is the ten thousands digit of 29225360?
2
What is the thousands digit of 9170324?
0
What is the millions digit of 68268855?
8
What is the hundred thousands digit of 845166955?
1
What is the ten millions digit of 66086989?
6
What is the thousands digit of 6123138511?
8
What is the hundred millions digit of 213648357?
2
What is the millions digit of 31624436?
1
What is the millions digit of 316844111?
6
What is the thousands digit of 391177135?
7
What is the units digit of 4158339274?
4
What is the ten thousands digit of 34442761?
4
What is the tens digit of 1747654382?
8
What is the hundreds digit of 1876972627?
6
What is the ten thousands digit of 6187777285?
7
What is the millions digit of 1432534232?
2
What is the millions digit of 179820868?
9
What is the thousands digit of 1752834115?
4
What is the units digit of 298072106?
6
What is the ten millions digit of 116683279?
1
What is the hundred thousands digit of 1815476360?
4
What is the units digit of 79153267?
7
What is the tens digit of 2279337673?
7
What is the hundred millions digit of 535311905?
5
What is the millions digit of 560151898?
0
What is the thousands digit of 1016598937?
8
What is the units digit of 866778885?
5
What is the hundreds digit of 248212469?
4
What is the hundred millions digit of 892073280?
8
What is the units digit of 21899236?
6
What is the hundred thousands digit of 6995132107?
1
What is the thousands digit of 99962325?
2
What is the units digit of 314374394?
4
What is the thousands digit of 1088626522?
6
What is the thousands digit of 5771905259?
5
What is the ten